ctors of 78147472?
2, 13, 375709
List the prime factors of 507557942.
2, 29, 41, 61, 3499
List the prime factors of 94289128.
2, 11786141
What are the prime factors of 3500715485?
5, 83, 8435459
List the prime factors of 65268011.
4663, 13997
List the prime factors of 170305661.
29, 31, 189439
List the prime factors of 41617682.
2, 20808841
What are the prime factors of 48260167?
67, 720301
What are the prime factors of 22749212?
2, 5687303
What are the prime factors of 1808033?
1808033
What are the prime factors of 284432996?
2, 23, 61, 50683
What are the prime factors of 424414099?
424414099
List the prime factors of 18810058.
2, 17, 47, 79, 149
List the prime factors of 68952776.
2, 8619097
List the prime factors of 908883656.
2, 293, 387749
List the prime factors of 1536932.
2, 173, 2221
What are the prime factors of 206144189?
53, 73, 53281
What are the prime factors of 37127639?
1439, 25801
What are the prime factors of 1389812040?
2, 3, 5, 227, 5669
List the prime factors of 1106278.
2, 553139
List the prime factors of 109270871.
109270871
What are the prime factors of 898108158?
2, 3, 137, 163, 6703
List the prime factors of 1515143547.
3, 17, 307, 32257
List the prime factors of 1699591.
83, 20477
List the prime factors of 1487673124.
2, 7, 61, 124429
List the prime factors of 35698154.
2, 109, 163753
List the prime factors of 1793383588.
2, 59, 281, 27043
List the prime factors of 26040423.
3, 1481, 5861
List the prime factors of 47130683.
241, 269, 727
List the prime factors of 427244792.
2, 13, 19, 216217
What are the prime factors of 159542818?
2, 79771409
What are the prime factors of 39936510?
2, 3, 5, 23, 59, 109
List the prime factors of 8156388.
2, 3, 679699
What are the prime factors of 1722294121?
19, 2963, 30593
What are the prime factors of 543457574?
2, 11, 24702617
List the prime factors of 131077496.
2, 11, 197, 7561
What are the prime factors of 46247727?
3, 15415909
What are the prime factors of 2793863648?
2, 87308239
What are the prime factors of 85949088?
2, 3, 43, 47, 443
List the prime factors of 240329763.
3, 31, 37, 751
List the prime factors of 403515508.
2, 11, 9170807
What are the prime factors of 59350816?
2, 7, 264959
List the prime factors of 90054485.
5, 37, 486781
What are the prime factors of 2567756596?
2, 19, 167, 307, 659
List the prime factors of 5043410224.
2, 157, 839, 2393
What are the prime factors of 5094748508?
2, 109, 311, 37573
List the prime factors of 1301345255.
5, 7, 4001, 9293
List the prime factors of 1941783032.
2, 7, 257, 134921
List the prime factors of 108147702.
2, 3, 13, 23, 2621
What are the prime factors of 3637011405?
3, 5, 1129, 214763
What are the prime factors of 244721508?
2, 3, 61, 334319
What are the prime factors of 1569536483?
1569536483
List the prime factors of 690268463.
690268463
List the prime factors of 774696183.
3, 258232061
What are the prime factors of 1795205053?
1795205053
List the prime factors of 627766919.
13, 48289763
What are the prime factors of 38622806?
2, 19311403
List the prime factors of 170535637.
107, 199, 8009
What are the prime factors of 87224696?
2, 13, 347, 2417
What are the prime factors of 985927480?
2, 5, 19, 1297273
List the prime factors of 419911465.
5, 79, 1063067
List the prime factors of 37420032.
2, 3, 13, 937
List the prime factors of 63920936.
2, 113, 70709
What are the prime factors of 2456664?
2, 3, 7, 2089
List the prime factors of 156083451.
3, 23, 739, 3061
What are the prime factors of 376388220?
2, 3, 5, 13, 47, 10267
List the prime factors of 76685928.
2, 3, 11, 26407
What are the prime factors of 9290954587?
42491, 218657
List the prime factors of 678489553.
7, 96927079
What are the prime factors of 789549972?
2, 3, 17, 89, 43487
List the prime factors of 407877162.
2, 3, 7, 11, 882851
List the prime factors of 30964800.
2, 3, 5, 6451
What are the prime factors of 1803471663?
3, 7, 85879603
What are the prime factors of 55644840?
2, 3, 5, 67, 769
What are the prime factors of 22827911?
19, 1201469
List the prime factors of 353019018.
2, 3, 11, 617, 8669
List the prime factors of 1022292704.
2, 31, 1030537
List the prime factors of 145311245.
5, 73, 398113
List the prime factors of 1290466173.
3, 509, 845099
What are the prime factors of 604085079?
3, 13, 15489361
List the prime factors of 2409165063.
3, 131, 2043397
List the prime factors of 885306833.
43, 331, 62201
List the prime factors of 49707409.
4721, 10529
List the prime factors of 334566312.
2, 3, 1039, 13417
List the prime factors of 80653526.
2, 991, 40693
List the prime factors of 868517567.
127, 211, 32411
List the prime factors of 90202628.
2, 97, 383, 607
What are the prime factors of 2386720915?
5, 477344183
What are the prime factors of 1075846052?
2, 107, 2513659
List the prime factors of 49679316.
2, 3, 1379981
List the prime factors of 8481133969.
7, 11, 37, 2976881
What are the prime factors of 92490952?
2, 101, 113, 1013
What are the prime factors of 976013364?
2, 3, 41, 1983767
List the prime factors of 7854932.
2, 1033, 1901
What are the prime factors of 2611640917?
2611640917
What are the prime factors of 75121441?
75121441
List the prime factors of 816134533.
816134533
What are the prime factors of 264165386?
2, 132082693
What are the prime factors of 59368370?
2, 5, 5936837
What are the prime factors of 2761173001?
1021, 2704381
List the prime factors of 342546290.
2, 5, 34254629
List the prime factors of 19470807.
3, 721141
What are the prime factors of 2399469924?
2, 3, 1543, 129589
What are the prime factors of 3853715989?
31, 124313419
List the prime factors of 1343215606.
2, 5573, 120511
List the prime factors of 466348074.
2, 3, 37, 89, 23603
List the prime factors of 29082387.
3, 701, 13829
List the prime factors of 1061682897.
3, 11, 32172209
List the prime factors of 589668333.
3, 107, 1836973
What are the prime factors of 14045872?
2, 877867
List the prime factors of 389538560.
2, 5, 31, 9817
What are the prime factors of 244105639?
47, 5193737
List the prime factors of 1923467931.
3, 7, 11, 925189
List the prime factors of 349286339.
41, 233, 36563
What are the prime factors of 729680477?
17, 42922381
List the prime factors of 8359573.
1217, 6869
What are the prime factors of 2808978541?
29, 31, 137, 22807
List the prime factors of 1443906263.
83, 419, 41519
List the prime factors of 129588374.
2, 64794187
What are the prime factors of 45653249?
45653249
List the prime factors of 76598492.
2, 71, 269713
List the prime factors of 8369813214.
2, 3, 7, 167, 132589
List the prime factors of 2138451683.
89, 24027547
List the prime factors of 212486446.
2, 647, 164209
List the prime factors of 301410769.
11, 37, 787, 941
What are the prime factors of 754537271?
73, 337, 30671
List the prime factors of 2854912709.
11, 59, 4398941
What are the prime factors of 3414345730?
2, 5, 1847, 184859
What are the prime factors of 463081903?
11279, 41057
List the prime factors of 973724189.
443, 1093, 2011
What are the prime factors of 2042775976?
2, 109, 2342633
List the prime factors of 287022575.
5, 7, 601, 2729
List the prime factors of 724186621.
17, 42599213
List the prime factors of 913362179.
17, 53727187
What are the prime factors of 846717540?
2, 3, 5, 137, 103007
What are the prime factors of 1077479388?
2, 3, 109, 91529
What are the prime factors of 113837850?
2, 3, 5, 7, 71, 509
What are the prime factors of 1451957962?
2, 7, 13, 349, 22859
List the prime factors of 40943407.
3967, 10321
What are the prime factors of 49214874?
2, 3, 8202479
List the prime factors of 12883915.
5, 11, 433, 541
List the prime factors of 187963968.
2, 3, 17, 57587
What are the prime factors of 184535494?
2, 11, 13, 49633
List the prime factors of 33856405.
5, 11, 107, 523
List the prime factors of 73814267.
857, 86131
What are the prime factors of 184638662?
2, 13, 41, 173207
What are the prime factors of 1635294?
2, 3, 272549
List the prime factors of 43652750.
2, 5, 283, 617
List the prime factors of 2219724206.
2, 7, 29, 781043
What are the prime factors of 62000974?
2, 7, 37, 17099
What are the prime factors of 118286590?
2, 5, 19, 622561
List the prime factors of 472834292.
2, 7, 619, 27281
What are the prime factors of 598990999?
598990999
What 